prime factors of v.
2, 3
Let v(f) = f**3 - 2*f**2 + f + 14. List the prime factors of v(4).
2, 5
Let v be 9 - 1 - (-3 + 8 + -2). List the prime factors of (8/v)/((-3)/(-15)).
2
List the prime factors of (-133)/3*-27 - -7.
2, 7, 43
List the prime factors of ((-4912)/(-10))/((-13)/((-260)/8)).
2, 307
Let h(y) = y**2 + 7*y - 3. Let u be h(-8). Let z(x) = x**3 - 5*x**2 + 3*x - 2. Let m be z(u). Suppose -2*c + 13 = -m. List the prime factors of c.
13
Let p(f) = -16*f + 3. Let v(d) = -47*d + 9. Let n(x) = -11*p(x) + 4*v(x). Let c = 52 - 54. List the prime factors of n(c).
3
Suppose 0 = -2*a - 15 + 17. What are the prime factors of -3*((-201)/9)/a?
67
What are the prime factors of (-3 - -2088) + (-10)/(-8 - -3)?
2087
Suppose -4*a - 16 = 0, -2*n - a + 236 = 3*n. Let u(o) = 68*o**2 + o - 1. Let y be u(1). Let g = y - n. List the prime factors of g.
2, 5
Let v = -33 - -886. What are the prime factors of v?
853
Let f = 4 - 1. Suppose 0 = -0*d + f*d. Suppose d = -5*w - 4*o + 296 - 70, 5*o = -w + 62. What are the prime factors of w?
2, 3, 7
Let c(p) be the third derivative of 2*p**4/3 + 3*p**3/2 + 3*p**2. Let j be c(3). Suppose 5*o - j = -4*l + 27, o = 3*l + 32. List the prime factors of o.
2, 5
Let n = -754 + 1135. Suppose 0 = 4*o + 21 - n. What are the prime factors of o?
2, 3, 5
Let f(r) = -r + 10. Let k be f(14). Let b be k/16*-14*2. Suppose -5 = -5*w, 3*i + 5*w - b = 10. List the prime factors of i.
2
Suppose -3*x + 2*r = -x - 4650, 3*r + 9296 = 4*x. List the prime factors of x.
11, 211
Let r(j) = -j**2 + 6*j - 12. Let t be r(3). List the prime factors of (-2 - 177)*-1 - t.
2, 7, 13
Let x(l) = -24*l + 10. Let s be x(-10). Suppose 0 = 4*n - 0*y + 5*y - s, -5*n - 3*y = -319. What are the prime factors of n?
5, 13
Let v(f) = 19*f**2 + 11*f + 14. List the prime factors of v(6).
2, 191
Let n = -54 - -52. List the prime factors of (363/6 - -3)/(n/(-4)).
127
Suppose 0 = -3*h - 4*n + 1519, 1517 = 3*h + 2*n + 3*n. Suppose -h = -4*k + 603. What are the prime factors of k?
2, 139
Let p = -104 - -160. Suppose j - p = -j. What are the prime factors of j?
2, 7
What are the prime factors of (7/(-2) + 3)*(-1827 - -13)?
907
Let d = 486 + -52. Suppose -6*k + 4*k = -d. What are the prime factors of k?
7, 31
Let k(c) = 13*c**3 - c - 21. What are the prime factors of k(5)?
3, 13, 41
Let l = 5 - -15. What are the prime factors of 15/(-3)*(-216)/l?
2, 3
Let l = 136 + -72. List the prime factors of l.
2
Let b be 15/(-25) + (-2)/5. Let l = 19 - b. List the prime factors of l.
2, 5
Let h(g) = -3*g**2 - 79*g + 19. What are the prime factors of h(-24)?
11, 17
What are the prime factors of 15/(-6) + 1398/4?
347
Suppose 0 = -4*j - 0*b - 3*b + 2668, -4*j - 5*b + 2660 = 0. What are the prime factors of j?
2, 5, 67
Suppose -3*m - 15 = -3*y, -5*m = y - 1 - 4. Suppose 3 = w + 4*p, 3*w - 2*p - 4 - 5 = m. Suppose -5*q + 0*q + 38 = s, q - 44 = -w*s. List the prime factors of s.
13
Let f(c) = c**3 + 6*c + 869. What are the prime factors of f(0)?
11, 79
Let m(k) = -k - 2. Let r be m(-4). Suppose 0 = -r*y + 5*h + 56, 3*y + 0*y + 2*h = 65. Suppose 5*i + 4 - 31 = -3*l, -y = -5*l - i. List the prime factors of l.
2
Let w(m) = -9*m**3 - 8*m**2 + m + 4. Let u(f) = -14*f**3 - 12*f**2 + 2*f + 6. Let c(v) = -5*u(v) + 7*w(v). What are the prime factors of c(2)?
2
Let k(n) = 6*n + 3. Let s be k(-4). Let v be (-204)/s - 4/(-14). Suppose -1 - v = -f. List the prime factors of f.
11
Let h(l) = 11*l**2 - 35*l - 123. List the prime factors of h(-4).
193
Let p = 342 - -1017. What are the prime factors of p?
3, 151
Suppose -2*h = 4*a + 3*h, -4*a = -4*h - 36. Suppose 0 = -3*o + c + c + 18, -4*o + a*c = -31. Let q = o - 0. List the prime factors of q.
2
Let s(z) = -106*z - 39. What are the prime factors of s(-5)?
491
Let q(d) = d**2 + 2*d + 45. Let m be q(0). Suppose f - m = -2*f. What are the prime factors of (-48)/30*f/(-2)?
2, 3
Let z = 26 - 5. Suppose 5*c - 2*c = 9. Suppose c*x + z = 81. What are the prime factors of x?
2, 5
Suppose 12*x - 28 = 8*x. Suppose 8*d = x*d + 89. What are the prime factors of d?
89
Suppose -5 = 5*p - 0. What are the prime factors of p/(((-1)/(-12))/(328/(-32)))?
3, 41
Let i(g) = 21*g**2 - g - 1. Let l be i(2). Let o = 134 - l. List the prime factors of o.
53
Let v(i) = 5*i**3 - i**2 - 8 + 5*i**2 - 7*i**2 - i**2 + 5*i. What are the prime factors of v(4)?
2, 67
Let l = 45 + -43. Let t(s) = 14*s**2 + 4*s - 5. What are the prime factors of t(l)?
59
Let h(r) = 2*r**2 + 4*r + 2. Let j be h(-2). Suppose -j*k + 5*k = -5*f + 39, -3*k + 2*f + 60 = 0. List the prime factors of k.
2, 3
Let k be ((-252)/66)/1 - (-8)/(-44). Let d(o) be the first derivative of 2*o**3/3 - 2*o**2 + 2*o + 2. What are the prime factors of d(k)?
2, 5
Suppose -4*u + 3*o + 556 = 0, -u + 154 = o + 2*o. List the prime factors of u.
2, 71
Suppose 0 = 11*b - 6*b - 25. Let q(y) = 27*y - 12. What are the prime factors of q(b)?
3, 41
Suppose 392 = 4*j - 4*w, -3*w = 2*j + w - 202. Suppose -95*q = -j*q + 304. What are the prime factors of q?
2, 19
Let p = -6 + 11. Let o(l) = -2*l - 8. Let i be o(p). Let t = i - -32. What are the prime factors of t?
2, 7
Let r(u) = -u**2 + 7*u + 7. Let z be -6*(6/(-3) - -3). Let h be 10 + -6 + (-3 - z). What are the prime factors of r(h)?
7
Suppose -3*x - 1356 = 2*b, -4*b - 435 = x - 9*b. List the prime factors of 9/(-36) + x/(-8).
2, 7
Let s = 105 + -9. What are the prime factors of (s/112)/((-422)/(-210) - 2)?
2, 3, 5
Let n(x) = 2*x**2 - 46*x - 10. List the prime factors of n(-8).
2, 3
Let l(q) = -q**2 - 1. Let z(c) = -31*c**2 + c - 2. Let o(y) = 2*l(y) - z(y). What are the prime factors of o(-2)?
2, 59
Let q = -9 + 11. Suppose 5*l - 655 = -5*u, -q*u + 3*l = 37 - 294. What are the prime factors of u?
2, 5, 13
Let c(m) = m**2 - 4*m + 6. Let v be c(4). Let a = -1114 - -1158. Let h = v + a. List the prime factors of h.
2, 5
Let v(o) = 3*o**2 - 12. Let k be v(6). Let w = k + -77. What are the prime factors of w?
19
Let i be (-2*2/(-4))/(14/252). What are the prime factors of (-6)/i + ((-1694)/(-6) - 3)?
3, 31
Let h(j) = 2*j**2 - 9*j + 1. Let o(x) = 2*x - 8. Let c(n) = 3*n - 12. Let p(y) = 5*c(y) - 7*o(y). Let m be p(10). What are the prime factors of h(m)?
19
Let g = 13 - 12. Let h be -3 + (g + -1 - -4). Let w = h - -11. List the prime factors of w.
2, 3
Let d be -5 + (-3 - -4) + -5. List the prime factors of 10 + d - -7*3.
2, 11
Let o be 71*10 + 6 + -10. What are the prime factors of 3/9 - o/(-6)?
2, 59
Let j be 3/(-6) - 7/(-2). Let d(f) = -2*f**3 - 7 - j*f**2 + 4*f + 1 - 3 + 3*f**3. List the prime factors of d(4).
23
Let f = 27 + -25. Let t = -62 - -119. Suppose -3*c + 38 = -f*o, -5*c + 3*o = 6*o - t. List the prime factors of c.
2, 3
Let w = -5956 + 12715. What are the prime factors of w/27 - (-2)/3?
251
Suppose -25*h = -137 - 213. What are the prime factors of h?
2, 7
Suppose a - 2*a = -3. Let j be (-4)/a*18/(-12). Suppose j*c = 5*x + 31, 3*c - 107 = -c - 5*x. List the prime factors of c.
23
Suppose -1157 = -k + 289. List the prime factors of k.
2, 3, 241
Let j = -125 - -611. What are the prime factors of j?
2, 3
Suppose 30*p + 40 = 34*p. Let q(l) = 2*l**2 + 2*l + 41. What are the prime factors of q(p)?
3, 29
Suppose 2*a + 284 = 1878. What are the prime factors of a?
797
Let q(w) = w**2 + 2*w + 52. Let h be q(0). Let k(n) = n**2 - 31. Let i be k(0). Let g = h + i. List the prime factors of g.
3, 7
Suppose 0 = 4*v + 2*g - 104, 5*v - 7*g + 8*g = 133. Let y = v - 14. List the prime factors of y.
13
Let g = 1582 - 197. List the prime factors of g.
5, 277
Let s = -307 - -451. Suppose 0 = s*h - 145*h + 310. What are the prime factors of h?
2, 5, 31
Suppose 3*y - d = 8237, -y + 6*d + 2741 = 8*d. List the prime factors of y.
3, 5, 61
Let v(k) = -15*k - 10*k + 11 + 30*k. What are the prime factors of v(6)?
41
Let y be -3*(-1)/(-3)*-43. Suppose -6*g = -8 + 2. Let b = y + g. What are the prime factors of b?
2, 11
Suppose -m - 905 = 3*m - 3*i, i = -2*m - 445. Let c = -113 - m. What are the prime factors of c?
3, 37
Suppose 6*q + w - 24621 = q, 2*q - 4*w - 9844 = 0. What are the prime factors of q?
2, 1231
Let d = 79 + -79. List the prime factors of d*(-4)/(-24) + (1 - -130).
131
Let a(d) be the third derivative of d**6/120 + d**5/10 + d**4/24 - 7*d**3/6 - d**2. Let s = 22 - 27. List the prime factor